  {"id":21,"date":"2017-05-15T18:08:35","date_gmt":"2017-05-15T16:08:35","guid":{"rendered":"https:\/\/wp.edv-sommer.de\/?page_id=21"},"modified":"2020-10-07T23:11:33","modified_gmt":"2020-10-07T21:11:33","slug":"home","status":"publish","type":"page","link":"https:\/\/edv-sommer.de\/","title":{"rendered":"Home"},"content":{"rendered":"<p>Willkommen bei Paul Sommer, EDV-Sommer. Sch\u00f6n, dass Sie her gefunden haben.<\/p>\n<p>Sind&nbsp; Sie ein kleines Unternehmen oder Privatanwender\/in, und suchen Sie Unterst\u00fctzung bei ihren PCs, Mobiltelefonen, Netzwerke, Webseiten? Dann kann ich sicher etwas f\u00fcr Sie tun.<\/p>\n<p>Seit 1986 habe ich als Software-Entwickler in Dortmund begonnen. Seit 1994 arbeite ich auf freiberuflicher Basis und biete seitdem zunehmend Unterst\u00fctzung im gro\u00dfen Feld der Datenverarbeitung mit Computer und Smartphone und dergleichen&nbsp; an.<\/p>\n<p>Gewerblichen Kunden biete ich das an, was normalerweise der Systemverwalter tut. Nicht alle Firmen brauchen einen Vollzeit-Systemverwalter. Trotzdem m\u00f6chten sie nicht auf zeitnahe Reaktionen bei Problemen oder Hilfestellungen verzichten.<br \/>\nDiese Leistungen biete ich zu g\u00fcnstigen Stundens\u00e4tzen oder als &#8222;Service-Abo&#8220; an.<\/p>\n<p>Privatanwendern biete ich einen unb\u00fcrokratischen Rundum-Service f\u00fcr alles, was &#8222;einen Stecker hat&#8220;. Ich komme zu Ihnen wenn SIE Zeit haben oder erledige PC Probleme gleich am Telefon per Fernwartung.<br \/>\nPrivatauftr\u00e4ge k\u00f6nnen au\u00dfer zu einem \u00e4u\u00dferst g\u00fcnstigen Stundensatz auch per Fest- oder Maximalpreis erledigt werden. Damit wissen Sie immer vorher, was auf Sie zukommt.<\/p>\n<p>Beachten Sie auch mein Angebot speziell f\u00fcr Schulen.<\/p>\n<p>Informieren Sie sich auf den Unterseiten \u00fcber Details oder rufen Sie mich einfach unverbindlich an.<\/p>\n<p>&nbsp;<\/p>\n","protected":false},"excerpt":{"rendered":"<p>Willkommen bei Paul Sommer, EDV-Sommer. Sch\u00f6n, dass Sie her gefunden haben. Sind&nbsp; Sie ein kleines Unternehmen oder Privatanwender\/in, und suchen Sie Unterst\u00fctzung bei ihren PCs, Mobiltelefonen, Netzwerke, Webseiten? Dann kann ich sicher etwas f\u00fcr Sie tun. Seit 1986 habe ich als Software-Entwickler in Dortmund begonnen. Seit 1994 arbeite ich auf freiberuflicher Basis und biete seitdem &hellip; <\/p>\n<p class=\"link-more\"><a href=\"https:\/\/edv-sommer.de\/\" class=\"more-link\"><span class=\"screen-reader-text\">\u201eHome\u201c<\/span> weiterlesen<\/a><\/p>\n","protected":false},"author":1,"featured_media":0,"parent":0,"menu_order":0,"comment_status":"closed","ping_status":"closed","template":"","meta":{"footnotes":""},"class_list":["post-21","page","type-page","status-publish","hentry"],"_links":{"self":[{"href":"https:\/\/edv-sommer.de\/index.php?rest_route=\/wp\/v2\/pages\/21","targetHints":{"allow":["GET"]}}],"collection":[{"href":"https:\/\/edv-sommer.de\/index.php?rest_route=\/wp\/v2\/pages"}],"about":[{"href":"https:\/\/edv-sommer.de\/index.php?rest_route=\/wp\/v2\/types\/page"}],"author":[{"embeddable":true,"href":"https:\/\/edv-sommer.de\/index.php?rest_route=\/wp\/v2\/users\/1"}],"replies":[{"embeddable":true,"href":"https:\/\/edv-sommer.de\/index.php?rest_route=%2Fwp%2Fv2%2Fcomments&post=21"}],"version-history":[{"count":8,"href":"https:\/\/edv-sommer.de\/index.php?rest_route=\/wp\/v2\/pages\/21\/revisions"}],"predecessor-version":[{"id":176,"href":"https:\/\/edv-sommer.de\/index.php?rest_route=\/wp\/v2\/pages\/21\/revisions\/176"}],"wp:attachment":[{"href":"https:\/\/edv-sommer.de\/index.php?rest_route=%2Fwp%2Fv2%2Fmedia&parent=21"}],"curies":[{"name":"wp","href":"https:\/\/api.w.org\/{rel}","templated":true}]}}