  {"id":13,"date":"2017-05-15T18:02:37","date_gmt":"2017-05-15T16:02:37","guid":{"rendered":"https:\/\/wp.edv-sommer.de\/?page_id=13"},"modified":"2026-02-13T22:46:11","modified_gmt":"2026-02-13T21:46:11","slug":"referenzen","status":"publish","type":"page","link":"https:\/\/edv-sommer.de\/?page_id=13","title":{"rendered":"Referenzen"},"content":{"rendered":"<h3><a href=\"https:\/\/skf-hannover.de\/\">Sozialdienst Kath. Frauen e.V.<\/a> (SkF) Hannover<\/h3>\n<p>Beratungsstelle f\u00fcr Schwangere und Alleinerziehende und rechtliche Betreuung nach BtG<\/p>\n<p>Systemverantwortlicher. 2015-2022<br \/>\nAlleinverantwortlich f\u00fcr die B\u00fcro-EDV (Hard- und Software) mit einem Linux-Server und 7 Windows-Arbeitspl\u00e4tzen und die Webseite zust\u00e4ndig und leiste Benutzerunterst\u00fctzung bei technischen Fragen.<\/p>\n<h3><a href=\"https:\/\/procont-sales.de\/\">Pro Cont Sales AG<\/a>, Oldenburg<\/h3>\n<p>LKW Fahrdatenerfassung, -Auswertung, Flotten- und Lohnmanagement als Dienstleistung<\/p>\n<p>full stack Entwickler 11\/2018-02\/2020<br \/>\nFreiberufliche Mitarbeit an der Neuentwicklung des DiFa Systems in einem Team von 3 Entwicklern.<\/p>\n<h3><a href=\"http:\/\/livespotting.tv\">Livespotting Media GmbH<\/a>, Kiel<\/h3>\n<p>Live- und On-Demand Videodienstleistungen<br \/>\nStreaming Video<\/p>\n<p>Festes Mitglied im Entwickler-Team von 2012 &#8211; 2016<br \/>\nProjekte: Mitentwicklung und Implementierung eines webbasierten Videoproduktionssystems f\u00fcr Webcams.<br \/>\nBatch-Bearbeitung von mpeg4 Videos mit ffmpeg &#8211; Automatische Erstellung von Zeitraffern und Panoramen.<br \/>\nSteuerung von axis Webcams (VAPIX) &#8211; Youtube API.<\/p>\n<h3>Krenke Networks, Matthias Krenke, Hannover<\/h3>\n<p>EDV-Dienstleistungen<\/p>\n<p>Wiederkehrende Zusammenarbeit seit 1990 bis zu seinem Ausscheiden aus dem Berufsleben 2015.<br \/>\nProjekte: Unterst\u00fctzung bei techniklastigen Auftr\u00e4gen &#8211; Programmierung &#8211; Wartung von Windows- und Linux Systemen.<br \/>\nJ\u00e4hrliche Generierung einer Webseite aus einem Erwachsenenbildungs-Kursbuch.<br \/>\n\u00dcbernahme der Betreuung des SkF Hannover nach Herrn Krenkes Ruhestand.<\/p>\n<h3><a href=\"http:\/\/www.beatricebrehl.de\">Beatrice Brehl<\/a>, Bremen<\/h3>\n<p>K\u00f6rperarbeit und Traumaheilung<\/p>\n<p>Wiederkehrende Zusammenarbeit seit 2014.<br \/>\nProjekte: Umstellung der Website auf WordPress; Redesign; Mehrsprachigkeit<br \/>\nAllgemeiner EDV-Support.<\/p>\n<h3><a href=\"http:\/\/www.chemstation.de\/\">multi media design<\/a> Uwe Kirchhoff, Oldenburg<\/h3>\n<p>Unternehmensberatung im Bereich chemische Analytik<br \/>\nChemStation Spezialist.<br \/>\nMultimedia Produktionen<\/p>\n<p>Wiederkehrende Zusammenarbeit seit 1997<br \/>\nProjekte: Webseitenentwicklung, Content Management System, Reportgenerator, diverse Software\/Tools, laufende Pflege und Erweiterung eines Labor-Management-Systems f\u00fcr Pharma-Kunden.<\/p>\n<h3><a href=\"http:\/\/www.windfinder.com\/\">Windfinder<\/a>, Kiel<\/h3>\n<p>Service und Informationen f\u00fcr Windsurfer<br \/>\nWeltweite Windvorhersagen im Internet und aufs Handy, Webcams, Spotbeschreibungen, Materialtests.<\/p>\n<p>Festes Mitglied im Entwicklerteam 1999-2016.<br \/>\nProjekte: Programmierung in perl und MySQL: Website, Wetterdatenakquise, Segel-und Boardtests, Segelwetter-SMS f\u00fcr Compass24 und Sail24.<br \/>\nLaufende Erweiterungen der Scripte.<\/p>\n<h3><a href=\"http:\/\/www.nuvisan.com\/home.html\">Nuvisan Analytical Services GmbH<\/a>, Waltrop, (vorm. Thiemann Arzneimittel GmbH)<\/h3>\n<p>Entwicklung und Produktion von Arzneimitteln f\u00fcr die Humanmedizin.<\/p>\n<p>Regelm\u00e4\u00dfige Zusammenarbeit 1998-2017.<br \/>\nProjekte: Dokumenten-Management-System f\u00fcr Laborergebnisse.<br \/>\nImplementierung von diversen Sicherheits- und Protokollfeatures f\u00fcr die FDA Part11 Zertifizierung der Produktion.<\/p>\n<h3><a href=\"http:\/\/www.agilent.com\/home\">Agilent<\/a> (vorm. Hewlett-Packard), Waldbronn<\/h3>\n<p>Hersteller von Ger\u00e4ten zur chemischen Analytik.<\/p>\n<p>Projekte: Mitarbeit bei der Weiterentwicklung des ChemStation Security Pack.<\/p>\n<h3>Distelkamp Str\u00f6mungstechnik, Oldenburg<\/h3>\n<p>Entwicklung und Prototyping von L\u00fcfterr\u00e4dern u.a. f\u00fcr die Automobilindustrie.<\/p>\n<p>Projekte: Erstellung einer Messdaten-Visualisierungssoftware.<\/p>\n<h3>ASL <a href=\"https:\/\/de.wikipedia.org\/wiki\/Aircraft_Services_Lemwerder\">Aircraft Services Lemwerder<\/a>, Bremen<\/h3>\n<p>Wartung von Verkehrsflugzeugen.<\/p>\n<p>Projekt: Umstellung der rund 120 Firmenrechner auf Windows 95.<\/p>\n<h3>Taxi- und Mietwagenzentrale &#8222;<a href=\"http:\/\/www.die-schwarzen.de\/\">Die Schwarzen<\/a>&#8222;, Oldenburg<\/h3>\n<p>Projekte: Entwicklung eines Taxirufsystems f\u00fcr Gastst\u00e4tten (Hard- und Software).<\/p>\n","protected":false},"excerpt":{"rendered":"<p>Sozialdienst Kath. Frauen e.V. (SkF) Hannover Beratungsstelle f\u00fcr Schwangere und Alleinerziehende und rechtliche Betreuung nach BtG Systemverantwortlicher. 2015-2022 Alleinverantwortlich f\u00fcr die B\u00fcro-EDV (Hard- und Software) mit einem Linux-Server und 7 Windows-Arbeitspl\u00e4tzen und die Webseite zust\u00e4ndig und leiste Benutzerunterst\u00fctzung bei technischen Fragen. Pro Cont Sales AG, Oldenburg LKW Fahrdatenerfassung, -Auswertung, Flotten- und Lohnmanagement als Dienstleistung full &hellip; <\/p>\n<p class=\"link-more\"><a href=\"https:\/\/edv-sommer.de\/?page_id=13\" class=\"more-link\"><span class=\"screen-reader-text\">\u201eReferenzen\u201c<\/span> weiterlesen<\/a><\/p>\n","protected":false},"author":1,"featured_media":0,"parent":0,"menu_order":0,"comment_status":"closed","ping_status":"closed","template":"","meta":{"footnotes":""},"class_list":["post-13","page","type-page","status-publish","hentry"],"_links":{"self":[{"href":"https:\/\/edv-sommer.de\/index.php?rest_route=\/wp\/v2\/pages\/13","targetHints":{"allow":["GET"]}}],"collection":[{"href":"https:\/\/edv-sommer.de\/index.php?rest_route=\/wp\/v2\/pages"}],"about":[{"href":"https:\/\/edv-sommer.de\/index.php?rest_route=\/wp\/v2\/types\/page"}],"author":[{"embeddable":true,"href":"https:\/\/edv-sommer.de\/index.php?rest_route=\/wp\/v2\/users\/1"}],"replies":[{"embeddable":true,"href":"https:\/\/edv-sommer.de\/index.php?rest_route=%2Fwp%2Fv2%2Fcomments&post=13"}],"version-history":[{"count":13,"href":"https:\/\/edv-sommer.de\/index.php?rest_route=\/wp\/v2\/pages\/13\/revisions"}],"predecessor-version":[{"id":212,"href":"https:\/\/edv-sommer.de\/index.php?rest_route=\/wp\/v2\/pages\/13\/revisions\/212"}],"wp:attachment":[{"href":"https:\/\/edv-sommer.de\/index.php?rest_route=%2Fwp%2Fv2%2Fmedia&parent=13"}],"curies":[{"name":"wp","href":"https:\/\/api.w.org\/{rel}","templated":true}]}}